{"id":119,"date":"2026-04-14T21:42:30","date_gmt":"2026-04-14T19:42:30","guid":{"rendered":"https:\/\/edenik.pl\/?page_id=119"},"modified":"2026-04-15T01:32:36","modified_gmt":"2026-04-14T23:32:36","slug":"przydatne-linki","status":"publish","type":"page","link":"https:\/\/edenik.pl\/index.php\/przydatne-linki\/","title":{"rendered":"Przydatne linki"},"content":{"rendered":"\n<p>S\u0105 dost\u0119pne tylko te, kt\u00f3re jeszcze dzia\u0142aj\u0105.<\/p>\n\n\n\n<figure class=\"wp-block-image size-full is-resized\"><a href=\"https:\/\/tmnf.exchange\/\"><img loading=\"lazy\" decoding=\"async\" width=\"1024\" height=\"512\" src=\"https:\/\/edenik.pl\/wp-content\/uploads\/2026\/04\/logo-tmx.png\" alt=\"\" class=\"wp-image-120\" style=\"width:330px;height:auto\" srcset=\"https:\/\/edenik.pl\/wp-content\/uploads\/2026\/04\/logo-tmx.png 1024w, https:\/\/edenik.pl\/wp-content\/uploads\/2026\/04\/logo-tmx-300x150.png 300w, https:\/\/edenik.pl\/wp-content\/uploads\/2026\/04\/logo-tmx-768x384.png 768w\" sizes=\"auto, (max-width: 767px) 89vw, (max-width: 1000px) 54vw, (max-width: 1071px) 543px, 580px\" \/><\/a><\/figure>\n\n\n\n<figure class=\"wp-block-image size-full is-resized\"><a href=\"https:\/\/www.xaseco.org\/\"><img loading=\"lazy\" decoding=\"async\" width=\"531\" height=\"166\" src=\"https:\/\/edenik.pl\/wp-content\/uploads\/2026\/04\/xaseco-logo.png\" alt=\"\" class=\"wp-image-126\" style=\"width:335px;height:auto\" srcset=\"https:\/\/edenik.pl\/wp-content\/uploads\/2026\/04\/xaseco-logo.png 531w, https:\/\/edenik.pl\/wp-content\/uploads\/2026\/04\/xaseco-logo-300x94.png 300w\" sizes=\"auto, (max-width: 531px) 100vw, 531px\" \/><\/a><\/figure>\n\n\n\n<figure class=\"wp-block-image size-full is-resized\"><a href=\"https:\/\/maniapark.com\/search\/skins?q=game%3Atrackmania1\"><img loading=\"lazy\" decoding=\"async\" width=\"600\" height=\"113\" src=\"https:\/\/edenik.pl\/wp-content\/uploads\/2026\/04\/carpark600.jpg\" alt=\"\" class=\"wp-image-131\" style=\"aspect-ratio:5.310604161443971;width:328px;height:auto\" srcset=\"https:\/\/edenik.pl\/wp-content\/uploads\/2026\/04\/carpark600.jpg 600w, https:\/\/edenik.pl\/wp-content\/uploads\/2026\/04\/carpark600-300x57.jpg 300w\" sizes=\"auto, (max-width: 600px) 100vw, 600px\" \/><\/a><\/figure>\n","protected":false},"excerpt":{"rendered":"<p>S\u0105 dost\u0119pne tylko te, kt\u00f3re jeszcze dzia\u0142aj\u0105.<\/p>\n","protected":false},"author":1,"featured_media":0,"parent":0,"menu_order":0,"comment_status":"closed","ping_status":"closed","template":"","meta":{"footnotes":""},"class_list":["post-119","page","type-page","status-publish","hentry"],"_links":{"self":[{"href":"https:\/\/edenik.pl\/index.php\/wp-json\/wp\/v2\/pages\/119","targetHints":{"allow":["GET"]}}],"collection":[{"href":"https:\/\/edenik.pl\/index.php\/wp-json\/wp\/v2\/pages"}],"about":[{"href":"https:\/\/edenik.pl\/index.php\/wp-json\/wp\/v2\/types\/page"}],"author":[{"embeddable":true,"href":"https:\/\/edenik.pl\/index.php\/wp-json\/wp\/v2\/users\/1"}],"replies":[{"embeddable":true,"href":"https:\/\/edenik.pl\/index.php\/wp-json\/wp\/v2\/comments?post=119"}],"version-history":[{"count":8,"href":"https:\/\/edenik.pl\/index.php\/wp-json\/wp\/v2\/pages\/119\/revisions"}],"predecessor-version":[{"id":135,"href":"https:\/\/edenik.pl\/index.php\/wp-json\/wp\/v2\/pages\/119\/revisions\/135"}],"wp:attachment":[{"href":"https:\/\/edenik.pl\/index.php\/wp-json\/wp\/v2\/media?parent=119"}],"curies":[{"name":"wp","href":"https:\/\/api.w.org\/{rel}","templated":true}]}}